ase 13?
-18
What is -375 (base 16) in base 3?
-1012210
2011220 (base 4) to base 3
102201202
What is 3911 (base 10) in base 12?
231b
10812 (base 12) to base 11
15501
-1a372 (base 12) to base 16
-9686
What is -977 (base 11) in base 5?
-14143
Convert -3313 (base 12) to base 10.
-5631
-208 (base 15) to base 12
-322
Convert -1250 (base 9) to base 16.
-3a8
Convert -73c7 (base 13) to base 7.
-64535
-306 (base 16) to base 5
-11044
What is -3330221 (base 5) in base 7?
-331432
1110101010 (base 2) to base 16
3aa
Convert -674 (base 13) to base 3.
-1112002
What is 2711 (base 10) in base 12?
169b
Convert -14533 (base 6) to base 14.
-c09
Convert 106111 (base 7) to base 11.
13242
What is -5c53 (base 15) in base 3?
-222221220
Convert 242300 (base 5) to base 16.
2373
Convert 91 (base 15) to base 16.
88
-42154 (base 6) to base 16
-1636
What is 3568 (base 13) in base 8?
16542
Convert 100110001 (base 2) to base 13.
1a6
21809 (base 11) to base 10
31590
-20010211 (base 3) to base 8
-10575
What is 1001000011000 (base 2) in base 9?
6316
Convert -394b (base 12) to base 15.
-1e0e
150400 (base 6) to base 12
8400
What is 122210122 (base 3) in base 16?
32b1
Convert 1240 (base 5) to base 12.
143
Convert a83 (base 16) to base 2.
101010000011
What is -12321 (base 12) in base 8?
-60111
-539 (base 14) to base 7
-3002
Convert 11351 (base 6) to base 7.
4546
-1340302 (base 5) to base 13
-c724
410352 (base 6) to base 13
11a71
178 (base 14) to base 9
365
Convert fdf (base 16) to base 8.
7737
What is -2450 (base 7) in base 11?
-764
What is 10010011101100 (base 2) in base 9?
13862
Convert -241 (base 16) to base 15.
-287
Convert 4121 (base 7) to base 15.
65b
What is -269 (base 16) in base 6?
-2505
What is 8282 (base 9) in base 3?
22022202
What is -2182 (base 9) in base 11?
-1237
-2134 (base 6) to base 7
-1300
3320 (base 9) to base 7
10065
-1b32 (base 15) to base 3
-22002102
Convert -20ea (base 15) to base 10.
-6970
What is -321333 (base 4) in base 16?
-e7f
What is 11466 (base 9) in base 16?
1dfa
-3883 (base 15) to base 14
-4568
22000 (base 3) to base 12
160
-25305 (base 7) to base 13
-3060
Convert 130254 (base 7) to base 4.
11321103
Convert 205 (base 10) to base 9.
247
-992 (base 12) to base 10
-1406
Convert -2112214 (base 5) to base 14.
-cc21
-5957 (base 11) to base 3
-101201010
Convert -14ba (base 13) to base 5.
-44101
What is -1cc (base 14) in base 13?
-22c
What is 295 (base 12) in base 5?
3101
209a (base 11) to base 14
101d
4749 (base 14) to base 3
122000202
What is -6b19 (base 12) in base 14?
-4513
What is -13 (base 14) in base 13?
-14
Convert -1331423 (base 5) to base 9.
-41165
Convert -2030313 (base 4) to base 8.
-21467
4b (base 15) to base 14
51
-1000000111111 (base 2) to base 5
-113114
-e7 (base 16) to base 8
-347
13023 (base 4) to base 7
1224
What is da2 (base 15) in base 14?
119b
242336 (base 7) to base 13
170a8
10cc (base 13) to base 12
1451
What is -53402 (base 6) in base 7?
-30131
Convert -1011101110 (base 2) to base 13.
-459
Convert -3026 (base 8) to base 4.
-120112
What is -332012 (base 4) in base 10?
-3974
-b48 (base 16) to base 13
-1412
What is 206533 (base 7) in base 10?
35941
What is -3231 (base 6) in base 9?
-1011
Convert 98e (base 15) to base 5.
32114
What is 17a0 (base 14) in base 13?
1c25
What is 475 (base 12) in base 2?
1010011001
11320 (base 5) to base 7
2302
Convert -114230 (base 5) to base 13.
-1c6c
38c7 (base 13) to base 3
102010020
4217 (base 13) to base 7
35444
What is 375 (base 15) in base 4?
30101
-1058 (base 9) to base 10
-782
-3623 (base 16) to base 12
-802b
Convert -3010 (base 6) to base 11.
-545
-9dd (base 14) to base 6
-13023
What is 2014 (base 6) in base 12?
30a
2101122 (base 3) to base 10
1745
What is -4132 (base 5) in base 12?
-392
What is 1302 (base 6) in base 4?
11012
What is -65a7 (base 13) in base 8?
-33524
What is -131332 (base 4) in base 14?
-9b0
1121100 (base 3) to base 10
1170
1929 (base 10) to base 2
11110001001
What is 24644 (base 7) in base 14?
2524
What is -2122 (base 10) in base 15?
-967
Convert 12 (base 16) to base 7.
24
314 (base 9) to base 2
100000000
Convert 2307 (base 8) to base 16.
4c7
What is -10110010111 (base 2) in base 6?
-10343
Convert -3619 (base 15) to base 3.
-120202220
What is -546 (base 15) in base 8?
-2247
Convert -219 (base 10) to base 3.
-22010
What is 11110011010 (base 2) in base 6?
13002
1101001001111 (base 2) to base 11
5073
436 (base 11) to base 14
295
Convert -10252 (base 6) to base 8.
-2570
What is -11166 (base 8) in base 5?
-122401
-41dd (base 15) to base 10
-13933
What is -5571 (base 11) in base 3?
-101001210
What is d65a (base 15) in base 13?
17815
What is -100100000001 (base 2) in base 6?
-14401
-110230 (base 4) to base 15
-5d4
3221233 (base 5) to base 2
1101010100101000
21272 (base 8) to base 2
10001010111010
763 (base 10) to base 7
2140
What is 41c2 (base 13) in base 15?
2a7a
What is 102704 (base 8) in base 2?
1000010111000100
What is 17674 (base 13) in base 5?
2420144
Convert -198a (base 15) to base 16.
-159a
What is 66541 (base 8) in base 7?
144431
Convert -418 (base 14) to base 11.
-673
What is -123343 (base 6) in base 14?
-40c7
What is 52 (base 16) in base 5?
312
Convert -4020 (base 5) to base 7.
-1326
Convert 1762 (base 14) to base 10.
4202
-a482 (base 12) to base 16
-4622
3521 (base 6) to base 2
1101001001
Convert -7014 (base 11) to base 3.
-110210122
What is 145301 (base 7) in base 6?
334522
Convert 1e7 (base 15) to base 7.
1201
What is 19aa (base 14) in base 4?
1020302
873 (base 12) to base 14
647
122 (base 14) to base 10
226
-1001011000 (base 2) to base 6
-2440
What is -9d (base 15) in base 14?
-a8
Convert -239 (base 11) to base 5.
-2114
Convert 1a04 (base 11) to base 9.
3437
1750 (base 9) to base 2
10100111101
4541 (base 7) to base 8
3156
What is -143044 (base 5) in base 10?
-6024
What is -1251 (base 14) in base 12?
-1a33
What is -1011110101111 (base 2) in base 13?
-29b5
What is -1222123 (base 4) in base 13?
-313c
What is 587 (base 11) in base 16?
2bc
-2333 (base 5) to base 11
-292
-438 (base 10) to base 11
-369
-562 (base 9) to base 15
-20b
What is 714 (base 14) in base 5?
21030
902 (base 12) to base 16
512
What is 1000120220 (base 3) in base 16?
4e90
Convert 10e (base 15) to base 13.
155
Convert -8ecb (base 16) to base 9.
-55126
210121200 (base 3) to base 9
23550
What is 11000 (base 6) in base 2?
10111101000
What is 68 (base 15) in base 8?
142
What is -2131 (base 4) in base 16?
-9d
What is a40 (base 11) in base 7?
3441
13120032 (base 4) to base 15
8e4c
What is 15860 (base 9) in base 15?
3373
What is -1113 (base 8) in base 5?
-4322
What is -203213 (base 4) in base 3?
-10010102
What is 2e65 (base 15) in base 12?
594b
What is 563 (base 15) in base 13?
729
What is -aa54 (base 15) in base 9?
-54437
What is -103303 (base 4) in base 11?
-a52
Convert -183bc (base 14) to base 3.
-10002211210
Convert 240431 (base 7) to base 10.
43436
What is -75 (base 16) in base 7?
-225
What is -101001111011011 (base 2) in base 4?
-11033123
Convert -8037 (base 14) to base 4.
-11113301
31230 (base 4) to base 9
1173
1220203 (base 4) to base 2
1101000100011
-2703 (base 10) to base 2
-101010001111
Convert 1206 (base 10) to base 12.
846
Convert 222110101 (base 3) to base 14.
705a
Convert -34667 (base 8) to base 7.
-61035
What is -5b52 (base 16) in base 4?
-11231102
-d6b (base 15) to base 16
-bd2
1088 (base 9) to base 13
4a3
-3435 (base 8) to base 2
-11100011101
-11872 (base 9) to base 7
-32222
-1322 (base 4) to base 11
-101
19711 (base 10) to base 5
1112321
100111101000 (base 2) to base 15
b41
Convert 241045 (base 6) to base 2.
101000111110101
Convert -877 (base 14) to base 8.
-3211
Convert 202150 (base 6) to base 8.
37262
-b14 (base 13) to base 16
-754
-1321102 (base 4) to base 8
-17122
Convert 31303 (base 4) to base 8.
1563
Convert 14136 (base 7) to base 16.
f09
-3161 (base 7) to base 3
-1112112
Convert -505 (base 6) to base 3.
-20212
What is 16120 (base 7) in base 2?
1000110101010
What is -741 (base 13) in base 10?
-1236
Convert -16b3 (base 15) to base 13.
-22c5
-121201 (base 3) to base 11
-380
Convert 4aa3 (base 11) to base 13.
3044
Convert -1259 (base 14) to base 15.
-e45
Convert 1115 (base 12) to base 13.
b24
2513 (base 6) to base 15
2b6
Convert 928 (base 10) to base 15.
41d
Convert 704a (base 15) to base 8.
5